 Suppose -l = -2*z + 10 - 31, -i*l - 4*z = -83. What is the units digit of l?
5
Suppose 2*g + c + 2*c - 39 = 0, 3*g - 3*c - 66 = 0. What is the tens digit of g?
2
What is the tens digit of ((-8 + -2)/(-2))/(3/108)?
8
Let m be (-140)/(-44) + 4/(-22). Suppose 15 = 2*i + i + m*u, 4*i = -5*u + 24. What is the units digit of i?
1
Suppose 20*t - 3*t - 4522 = 0. What is the units digit of t?
6
Let p be 8/(-24)*-1*6. Suppose -x + 6 = p*x. What is the units digit of x?
2
Let l(n) = n**3 + 7*n**2 + n + 9. Let i be l(-7). Suppose 10 = -2*c + 3*k + 31, 0 = i*c - 2*k - 26. What is the tens digit of c?
1
Let k be 55 + 2 - (1 - 1). Let w = 85 - k. Let i = w - 20. What is the units digit of i?
8
What is the tens digit of ((-3)/1*2)/((-12)/276)?
3
Let j = -7 - -32. Let v = j + -13. What is the units digit of v?
2
Let z = -1 + 3. Suppose x - 144 = -4*l + 8, -82 = -z*l - 2*x. What is the units digit of l?
7
Let h = -5 - -7. Suppose h*u = -3*u + 65. What is the tens digit of u?
1
Suppose 0 = 5*l - 116 + 21. What is the units digit of l?
9
Suppose 2 + 1 = -a. What is the tens digit of (-27)/6*8/a?
1
Suppose m + 2*c = -8, 5*m + 10 = -3*c - 2. Suppose q = -4*i - 2, 5*q + m*i - 59 = 3*i. What is the units digit of 3/(-15) + 72/q?
7
What is the units digit of 3 + 8/12*6?
7
Let k(g) = -g**3 + 4*g + 3. Let u be k(-2). Suppose -u*a + 48 = a. Suppose s + 2 = 5*c, 0*c - a = -3*c - 3*s. What is the units digit of c?
1
Let d be 4/(-2) + 1*36. Let r be (d/4)/(1/(-2)). Let z = -10 - r. What is the units digit of z?
7
Suppose 5*k = -5 + 25, -2*k = -3*p - 2. What is the units digit of p?
2
Suppose 4*l + 220 = 9*l. Let i = l - 26. What is the units digit of i?
8
Let d = 272 + -189. What is the units digit of d?
3
Let n(x) = 2*x - 5. Let y be n(5). Suppose y*o = 2*s - 141, -4*o = s - 31 - 20. Suppose -22 = -q + 2*b, 5*q + 2*b - 23 = s. What is the tens digit of q?
1
Let j = 20 - -19. What is the tens digit of j?
3
Let y(b) = -2*b**2 + 5*b + 1. Let v(l) = -l**2 + 2*l + 1. Let k(m) = -5*v(m) + 2*y(m). What is the units digit of k(-3)?
6
Suppose l - 15 = -5*d, -2*d + 0*d = -l - 6. Suppose 2*p + i = -2*i + 76, -3*i - 6 = l. What is the tens digit of p?
4
Let k = 171 + -62. Let n = -73 + k. What is the tens digit of n?
3
Suppose 4*s - 421 = -73. What is the units digit of s?
7
Let d(l) = l**3 + 12*l**2 - l + 9. What is the tens digit of d(-12)?
2
Suppose -2*k - k = -4*y + 678, 2*y = k + 340. What is the units digit of y?
1
What is the units digit of 147 + 4*3*(-3)/(-12)?
0
Suppose -5*s + 61 = -3*m, m + 30 = 2*s - 3*m. What is the tens digit of s?
1
Let k be 3/(((-6)/(-40))/1). Suppose k = i + 3*i. Suppose -17 - 13 = -i*n. What is the units digit of n?
6
Let b(q) = q**3 + 8*q**2 - 7*q + 8. What is the tens digit of b(-8)?
6
Suppose -12 = -0*k - 4*k. Suppose -2*v = -k - 1. What is the units digit of v*-1 - -2 - -7?
7
What is the tens digit of ((1 - (-4)/(-8)) + 1)*34?
5
Let r = -16 - -36. Suppose 0 = -2*t - m - 0*m + 11, 0 = 4*m - r. Suppose -t*d + 6 = -3*i, -4*d + i + 14 = -i. What is the units digit of d?
5
Let t(l) = -l**2 + 15*l + 4. What is the units digit of t(15)?
4
Let y(q) = 3*q + 7. Let m be y(-7). Let s = m - -38. What is the tens digit of s?
2
Let z(q) = -11*q + 1. Let j be z(1). Let w = j - -28. What is the tens digit of w?
1
Suppose -2*p - 4*c = -18, -c = -5*p - 0*c + 78. Let m = p + -10. What is the units digit of m?
5
Let w = 403 + -232. What is the hundreds digit of w?
1
Let d be (-10)/45 + (-385)/9. Let s = d + 81. What is the tens digit of s?
3
Suppose -2*p - p + 30 = 0. Let x = p - 1. What is the units digit of x?
9
Suppose 0*s = s. Let l be 10/(-2)*-1 + s. Suppose 2*n - l = 11. What is the units digit of n?
8
Suppose -7 + 62 = 5*b. What is the tens digit of b?
1
Let v(g) = -g**3 - 2*g**2 + g + 3. Let x be (2 - -1)/(-3)*-15. Suppose 4*w + x = -w. What is the units digit of v(w)?
9
Let v = 0 + 0. Suppose 5*m = -3*k + 39, -k = -v*m + 2*m - 16. What is the units digit of m?
9
Let v = 4 + 1. Let x(d) = 2*d - 2. What is the units digit of x(v)?
8
Let c(l) = -2*l - 1. Let w be c(-7). Suppose n = -0 + w. Suppose 78 - n = 5*k. What is the units digit of k?
3
Let m(z) be the first derivative of 17*z**3/3 + 2*z**2 + 3*z - 3. Let n be m(-2). Suppose 22 = 5*o - n. What is the units digit of o?
7
Let m(s) = -s + 1. Let j be m(10). Let d = 9 + j. Suppose q + q - 5*i = -6, -4*q + 4*i = d. What is the units digit of q?
2
Let d = 68 + -56. What is the tens digit of d?
1
Let c(p) = p**2 + 6*p**2 - 2*p + 2*p. Let s be c(1). Let i = s + -4. What is the units digit of i?
3
Let j(g) = g + 2. Let p be j(-9). Let s = p - -11. Suppose 0 = -0*f + f - s. What is the units digit of f?
4
Suppose -2*r = -0*r - 10. Let l(z) = z**2 - 33*z + 35. Let u be l(32). Suppose -m - 4*m = -r*s + 15, u*m = s + 7. What is the units digit of s?
8
Let k(i) = -140*i**3 + i**2. What is the tens digit of k(-1)?
4
Let q(r) = -2*r + 2*r**2 - 3*r**2 - 3*r. What is the units digit of q(-4)?
4
Let g = 15 + -4. Let x = g - 7. What is the units digit of x?
4
Let p be (-12)/(-1) - (1 + 0). Let v(n) = n**3 + 4*n**2 - 5*n + 2. Let u be v(-5). Suppose 3 = -u*h + p. What is the units digit of h?
4
What is the units digit of ((-21)/3)/((-1)/3)?
1
Suppose -12 = -4*z - 2*c + 6, -5*c = -3*z + 20. Suppose 0 = -z*v + 15. Suppose 0 = -4*m + 9 + v. What is the units digit of m?
3
Suppose 8*m = 3*m + 130. Let p = -15 + m. What is the tens digit of p?
1
What is the units digit of 3380/80 - 1/4?
2
Suppose p + 3*p + 2*s - 4 = 0, 4*p - 24 = 3*s. Suppose -4*f = -p*b - 4, -28 - 8 = -5*b - 4*f. What is the units digit of b?
4
Suppose 3 + 1 = 2*v. Let o(z) = 7*z + 2. Let r be o(2). Suppose 0 = v*f + g - r, 14 = 2*f + 2*g - 0*g. What is the units digit of f?
9
Let t be ((-3)/6)/((-2)/(-16)). Let n(q) = 1 + 0 - 6*q**3 - 3*q**2 + 2*q + 5*q**3. What is the units digit of n(t)?
9
Suppose 10*y = 438 - 18. What is the units digit of y?
2
Let m = 3 - -1. Suppose -19 = -0*c - c - 4*s, -4*c = -m*s + 4. Suppose -4*x = 4*p - 4, 4*p + 19 = c*p - 5*x. What is the units digit of p?
6
Let c(b) = 33*b + 25. What is the tens digit of c(7)?
5
Let t(p) = p**2. Let n be t(-4). What is the units digit of 276/n + 1/(-4)?
7
Suppose 404 + 76 = 2*v. What is the tens digit of v?
4
Suppose 31 = 2*g - 11. Suppose -4*b + 11 = -g. Suppose 4*i + 32 = b*i. What is the units digit of i?
8
What is the tens digit of (20 - -2) + (-4 - -7)?
2
Suppose 0 = -3*g - 0*g + 3. Suppose -b - 5*a + 1 = 2*b, -b - 2*a = g. What is the units digit of b?
7
Let s = -97 - -292. What is the tens digit of s?
9
Let w(s) = 2*s**2 - 22*s - 32. What is the units digit of w(17)?
2
Let z(a) = a**2 + 5*a + 4. Let x be (-26)/6 - (-4)/12. Let i be z(x). Suppose i*d + d - 3 = 0. What is the units digit of d?
3
Let x = 104 - 62. What is the units digit of x?
2
What is the units digit of (-926)/(-12) + (-2)/12?
7
What is the tens digit of (-136)/(-6) + (-8)/12?
2
Let i(g) = 4*g**2 - 1. Suppose 2*x = -x - 3. Let j be i(x). Suppose m - 9 = -j*z + 2*z, -3*z = 4*m - 24. What is the tens digit of z?
1
Let x(p) be the second derivative of -p**5/20 + 5*p**4/12 + 5*p**3/6 - 5*p**2/2 + 5*p. What is the tens digit of x(5)?
2
Let s = -30 - -70. Let l = s - 25. What is the units digit of (-18)/(-5) + 6/l?
4
Suppose -793 = -s - 2*s + 2*x, 0 = -5*x + 20. What is the units digit of s?
7
Let b(g) = g**3 + 3*g**2 + 3*g + 3. Let h be (-30)/(-8) + (-2)/(-8). Let a(l) = l**3 - 3*l**2 - 6*l + 6. Let v be a(h). What is the units digit of b(v)?
1
What is the tens digit of 27 + -2 + (3 - 0)?
2
Let t(a) = 2*a**2 + 11*a + 10. Suppose -s - 14 = s. Let p be t(s). Suppose p = 5*f - 39. What is the tens digit of f?
1
Let i(n) = -13*n - 1. Suppose -1 = s - 0. What is the tens digit of i(s)?
1
Let p(g) = -g**2 + 7*g + 3. Let z be (3 + -2)/((-2)/10). Let s(d) = 2*d**2 - 14*d - 7. Let o(f) = z*p(f) - 3*s(f). What is the units digit of o(7)?
6
Let o(j) = -j - 1. Let l be o(-5). Suppose -1 = 3*i + 2*v, v - l = -3. What is the units digit of ((-1*20)/2)/i?
0
Let q(o) = o**3 + 3*o**2. Let a be q(-2). Suppose -a*c = c - 115. What is the units digit of c?
3
Let u = -132 - -366. What is the tens digit of u?
3
Let u be 4/(-18) - (-20)/9. Let p(j) = j**3 + j**2 - 3*j + 1. Let n be p(u). Let k = n - -9. What is the units digit of k?
6
Let f = -110 +